 4?
3
What is the remainder when 261*(-6)/(-20 - -2) is divided by 13?
9
Suppose -5*v = -3*g + 9, -3*v = -2*g - v + 6. What is the remainder when 14 is divided by g?
2
Let t(n) = n - 2*n**2 + n**3 + 11*n**2 + 0*n**3 - 9 + 9*n. What is the remainder when 75 is divided by t(-7)?
18
Suppose 2*q - 3 = q, -5*n + 417 = 4*q. Let u = -55 + n. Calculate the remainder when 50 is divided by u.
24
Suppose 3*f + 2*f - 15 = 0. Suppose -5*b - 3*s + 66 = 0, -53 = -2*b + 3*s - 14. Let u = b - f. Calculate the remainder when 22 is divided by u.
10
Suppose 3*q - q = 50. Suppose q = p - 8. What is the remainder when p is divided by 17?
16
Suppose 5*p - 2*p = 0. Suppose p*b = -3*b + 39. Let z(y) = 37*y. What is the remainder when z(1) is divided by b?
11
Let u(k) = k**3 - k**2 + k + 119. Calculate the remainder when u(0) is divided by 30.
29
Let o(f) = -f**2 + 13*f + 1. Let k be o(12). Suppose -4*n - n = -5*v - 70, -2*n + 5*v = -k. Calculate the remainder when 55 is divided by n.
17
Suppose -69 = 4*n + 3*d - 205, 5*d = -20. What is the remainder when n is divided by 10?
7
Suppose -4*m = m + 15, -m = -3*r + 150. What is the remainder when r is divided by 13?
10
Let k = 2 - -2. Let o be (k/(-10))/((-4)/(-20)). What is the remainder when 12 is divided by (3 - (-4)/o)*7?
5
Let r(z) = z**2 - 3*z - 9. Calculate the remainder when 112 is divided by r(-4).
17
Suppose -10*y = -1 - 189. Let d = 30 - -23. Calculate the remainder when d is divided by y.
15
Let b(h) = -6*h**2 + 41*h + 9. What is the remainder when b(7) is divided by 1?
0
Let d = -7 + 23. Calculate the remainder when 45 is divided by d.
13
Let z(x) = x + 9. Let t be z(-5). Suppose y = -3*o + 9, 1 - 2 = -t*o - 5*y. Calculate the remainder when 14 is divided by o.
2
Suppose 0 = 4*l - 0*b - 4*b + 12, b = 4*l - 3. Let k(j) = -4 - 2*j**2 + 3*j**3 - 2*j**3 + 0*j**3 - l*j - 3. Calculate the remainder when k(5) is divided by 20.
18
Suppose 0 = j + 4 + 6. Let z be ((-8)/j)/(10/375). Suppose 4*b - 2*r = z, 5*r = 5*b + 7 - 57. What is the remainder when 8 is divided by b?
3
Let w(t) = 6*t + 1. Let v = -3 + 4. What is the remainder when (-12)/8*(v + -9) is divided by w(1)?
5
Let m(g) = -7*g + 5. Suppose 0 = -3*n + 137 + 1. What is the remainder when n is divided by m(-1)?
10
Let a(y) = y - 3. Let p be a(6). Calculate the remainder when 50 is divided by 1*(4 - p)*13.
11
Let a = 14 - 6. Let p = -42 - -71. Calculate the remainder when p is divided by a.
5
Suppose 0 = 4*h + 15 + 17. Let s = h + 24. What is the remainder when s is divided by 6?
4
Let q(p) be the third derivative of 4*p**5/15 - p**4/24 + p**3/6 - 4*p**2. Calculate the remainder when q(1) is divided by 6.
4
Let z(a) = a + 19. Let j(w) be the second derivative of -w**3/6 - 4*w**2 - 2*w. Let v be j(0). What is the remainder when 21 is divided by z(v)?
10
Let t = -18 + 13. Let p(m) = -4*m - 4. Let b be p(-6). Let r = t + b. What is the remainder when 43 is divided by r?
13
What is the remainder when 14 is divided by (-66)/(-7) + (-18)/42?
5
Suppose -170 = 33*o - 38*o. What is the remainder when 130 is divided by o?
28
Suppose -5*p = -3*a - 100, 4*p + 6*a = 3*a + 53. Let v = p - 10. Suppose 0 = w - 5*w + 76. Calculate the remainder when w is divided by v.
5
Let r(i) = 7*i - 70. What is the remainder when r(17) is divided by 22?
5
Let b = -1 + -5. Suppose -r + 18 = -0*k - 4*k, -4*r = -k - 42. What is the remainder when (b - -3) + (-2 - -23) is divided by r?
8
Let d(k) = -2*k**3 + 5*k**2 - 3*k + 4. What is the remainder when d(-3) is divided by 17?
10
Let x = -25 + 31. Calculate the remainder when 1 + (4*3 - 3) is divided by x.
4
Suppose -4*k = -3*k. What is the remainder when 1*17 - (k - -2) is divided by 9?
6
Let u(l) = -l - 3. Let o be u(-3). Suppose o = 2*y + 4*j - 60, 4*y - 4*j = -0*y + 132. Calculate the remainder when y is divided by 11.
10
Let m(q) = 8*q**2 - 5*q + 6. Suppose -a = a - 6. What is the remainder when m(1) is divided by a?
0
Suppose 5*q = 21 + 9. What is the remainder when q is divided by 5?
1
Suppose -8*w = -5*w - 24. Let r = -14 + 36. Calculate the remainder when r is divided by w.
6
Let d be (-10)/(-6) - 2/(-6). Suppose 0 = -d*t + 3*p + 12, 0 = p + 4*p - 10. Let u(y) = 3*y**2 - y + 1. Calculate the remainder when u(3) is divided by t.
7
Suppose -b + 0*b = -32. Let c = -26 - -37. Calculate the remainder when b is divided by c.
10
Suppose 7*m - 340 = 3*m. What is the remainder when m is divided by (-20)/(-15)*(-231)/(-14)?
19
Let q(l) = -l**2 + 6*l - 1. Let k = 126 - 123. Calculate the remainder when q(3) is divided by k.
2
Let s(k) = -19*k. Let c = -6 + 5. What is the remainder when s(c) is divided by 7/(21/18) + 1?
5
Calculate the remainder when (-3 - -29) + (2 - 4) is divided by 10.
4
Suppose -3*f - 3*d + 30 = 0, 18 = -4*f + 5*d + 67. What is the remainder when 31 is divided by f?
9
Let q(g) = g**2 + 4*g + 3. Let c be q(-2). Let r be (-1 - c) + (-1 - -2). Let x = r + 21. What is the remainder when x is divided by 8?
6
Suppose -r = -8 - 36. Let s = 9 + -6. Suppose 16 = s*l - 29. Calculate the remainder when r is divided by l.
14
Suppose -5*x + 6 = -j, 0 = 4*x - 0*x - 4*j - 8. Suppose -3*q + 0 = -3. What is the remainder when q is divided by x?
0
Let g(v) = 8*v - 13. What is the remainder when g(5) is divided by 10?
7
Let x(m) = -2*m. Let s be x(-2). Let i(t) = -10 - 7*t + 14 + 2*t**2 + t. Calculate the remainder when 23 is divided by i(s).
11
Let d = -4 + 6. Calculate the remainder when 12 is divided by 2/(d*2/14).
5
Suppose -3*i - m = -0*m - 92, -m = -4*i + 111. Calculate the remainder when i is divided by 16.
13
Let f = 16 + -12. What is the remainder when 0 + (33 - (f - 2)) is divided by 2*-2 + 2 - -18?
15
Suppose 3*x - 15 = 2*x. Let i(c) = -113*c**3 - c**2 + c + 1. Let n be i(-1). Suppose -2*q + 6*q - n = 0. What is the remainder when q is divided by x?
13
Let k = 41 + 35. Calculate the remainder when k is divided by 7.
6
Let i(l) = -l**3 + 8*l**2 - 10*l + 3. Let w be i(6). Suppose 5*m + 0*m = -w, -4*b + 5 = m. Calculate the remainder when b is divided by 1.
0
Suppose 4*o + 4 = 32. Calculate the remainder when o is divided by 4.
3
Let s(i) = 4*i - 10. Calculate the remainder when s(8) is divided by (27 + -3)*(-2)/(-4).
10
Let a = 29 - 12. Let p = 320 + -310. Calculate the remainder when a is divided by p.
7
Let w(q) = q**3 + 6*q**2 - 2*q + 5. Let a = -165 + 232. Calculate the remainder when a is divided by w(-6).
16
Let g = -1 + 2. What is the remainder when 49 is divided by (32/g)/2 + -3?
10
Let r(w) = -7*w - 4. Suppose -8 = 6*x - 4*x. What is the remainder when 47 is divided by r(x)?
23
Let u(f) = -f**3 - 5*f**2 - f + 1. Let x be u(-5). Let o be 1/((-3)/x) + 3. Calculate the remainder when (o/3)/((-2)/(-84)) is divided by 5.
4
Let l(s) = 2*s**3 - 4*s**2 + 1. What is the remainder when 36 is divided by l(3)?
17
Let s(a) = 7*a**3 + 13*a**2 + 5*a - 5. Let y(m) = 3*m**3 + 6*m**2 + 3*m - 2. Let d(o) = 2*s(o) - 5*y(o). What is the remainder when d(-5) is divided by 17?
16
Let t = 64 + 17. What is the remainder when t is divided by 21?
18
Let u be 1/4 - (-175)/20. Suppose 19 = 4*g - u. Calculate the remainder when g is divided by 3.
1
Suppose -2*m + 26 = -40. Calculate the remainder when m is divided by 8 - ((-4)/4 + 0).
6
Suppose 0 = 2*f + q - 125, -4*q = 6*f - 2*f - 244. Calculate the remainder when f is divided by 11.
9
Let i(j) = j**3 + 5*j**2 + 2. Let x be i(-5). Suppose -2*d - 10 + x = 0. Calculate the remainder when ((-48)/(-9))/d*-6 is divided by 5.
3
Let c = 127 - 88. Calculate the remainder when c is divided by 7.
4
Let i(g) be the third derivative of 7*g**6/120 - g**5/15 + g**4/12 + g**3/6 + g**2. What is the remainder when i(2) is divided by 16?
13
What is the remainder when 3 is divided by (-6)/12*8/(-2)?
1
Suppose v - 83 - 35 = 2*u, 6 = 3*u. Calculate the remainder when v is divided by 25.
22
Calculate the remainder when 0/(-1 + 5) - -33 is divided by 7.
5
Suppose -192 = 3*s - 3*t - 2*t, 5*t = 15. Let q = s - -104. Suppose 0 = 5*d - 20 - q. What is the remainder when 51 is divided by d?
12
Let h be 0 - (0/2 - -3). Calculate the remainder when 15 is divided by (-5 - h)/(2/(-4)).
3
Let y be (24 - 4)*(-6)/4. Let g = y - -44. Calculate the remainder when g is divided by 4.
2
Suppose 3*c - c - 137 = u, -134 = -2*c - 2*u. Let h = 77 